{"id":970,"date":"2023-12-11T14:48:01","date_gmt":"2023-12-11T13:48:01","guid":{"rendered":"https:\/\/silverfir.ch\/?post_type=product&#038;p=970"},"modified":"2024-05-21T17:55:38","modified_gmt":"2024-05-21T15:55:38","slug":"skate-mini-cruiser-dana","status":"publish","type":"product","link":"https:\/\/silverfir.ch\/index.php\/produit\/skate-mini-cruiser-dana\/","title":{"rendered":"Skate Mini Cruiser Dana"},"content":{"rendered":"<h6><strong>DESIGN &amp; FABRICATION A LA MAIN PIECE UNIQUE !<\/strong><\/h6>\n<h6><strong>Design : <\/strong>Feutre posca et spray acrylique<\/h6>\n<h6><strong>Bois :<\/strong> Erable canadien 7 plis<\/h6>\n<h6><strong>Trucks :<\/strong> Paris 109<\/h6>\n<h6><strong>Roulements : <\/strong>SK8DL Abec 7<\/h6>\n<h6><strong>Riser pads<\/strong><\/h6>\n<h6><strong>Roues : <\/strong>Oj Wheel III 78 A mm<\/h6>\n<h6><strong>Longueur : <\/strong>57 cm<\/h6>\n<h6><strong>Largeur : <\/strong>15.5 cm<\/h6>\n","protected":false},"excerpt":{"rendered":"<p>Ce mini Cruiser est fait pour \u00eatre emmen\u00e9 partout, tu peux l&rsquo;accrocher sur ton sac \u00e0 dos et rider en ville.<\/p>\n<p>Mont\u00e9 sur trucks paris 109, ce mini cruiser est top pour se faufiler partout.<\/p>\n<p>Ce petit cruiser est id\u00e9al pour les enfants, avec sa petite taille c&rsquo;est une planche rapide et bien maniable.<\/p>\n<p>Poids maxi recommand\u00e9 70 Kg.<\/p>\n","protected":false},"featured_media":972,"template":"","meta":[],"product_brand":[],"product_cat":[43],"product_tag":[],"class_list":{"0":"post-970","1":"product","2":"type-product","3":"status-publish","4":"has-post-thumbnail","6":"product_cat-old-school-skateboards-swiss-handmade-skateboards-silverfir-skateboards","8":"first","9":"instock","10":"sold-individually","11":"shipping-taxable","12":"purchasable","13":"product-type-simple"},"yoast_head":"<!-- This site is optimized with the Yoast SEO plugin v27.5 - https:\/\/yoast.com\/product\/yoast-seo-wordpress\/ -->\n<title>Mini cruiser skateboard Dana | swiss handmade | silverfir | skateboards<\/title>\n<meta name=\"description\" content=\"Mini Cruiser Silver Fir Skateboards, old school skateboards, fabrication suisse \u00e0 la main, pi\u00e8ce unique, skateboard surf style, homemade in switzerland.\" \/>\n<meta name=\"robots\" content=\"index, follow, max-snippet:-1, max-image-preview:large, max-video-preview:-1\" \/>\n<link rel=\"canonical\" href=\"https:\/\/silverfir.ch\/index.php\/produit\/skate-mini-cruiser-dana\/\" \/>\n<meta property=\"og:locale\" content=\"fr_FR\" \/>\n<meta property=\"og:type\" content=\"article\" \/>\n<meta property=\"og:title\" content=\"Mini cruiser skateboard Dana | swiss handmade | silverfir | skateboards\" \/>\n<meta property=\"og:description\" content=\"Mini Cruiser Silver Fir Skateboards, old school skateboards, fabrication suisse \u00e0 la main, pi\u00e8ce unique, skateboard surf style, homemade in switzerland.\" \/>\n<meta property=\"og:url\" content=\"https:\/\/silverfir.ch\/index.php\/produit\/skate-mini-cruiser-dana\/\" \/>\n<meta property=\"og:site_name\" content=\"Silver Fir Skateboards. Tous droits r\u00e9serv\u00e9s.\" \/>\n<meta property=\"article:modified_time\" content=\"2024-05-21T15:55:38+00:00\" \/>\n<meta property=\"og:image\" content=\"https:\/\/silverfir.ch\/wp-content\/uploads\/2023\/12\/skate-dana-dessous.jpg\" \/>\n\t<meta property=\"og:image:width\" content=\"1000\" \/>\n\t<meta property=\"og:image:height\" content=\"1000\" \/>\n\t<meta property=\"og:image:type\" content=\"image\/jpeg\" \/>\n<meta name=\"twitter:card\" content=\"summary_large_image\" \/>\n<meta name=\"twitter:label1\" content=\"Dur\u00e9e de lecture estim\u00e9e\" \/>\n\t<meta name=\"twitter:data1\" content=\"1 minute\" \/>\n<script type=\"application\/ld+json\" class=\"yoast-schema-graph\">{\"@context\":\"https:\\\/\\\/schema.org\",\"@graph\":[{\"@type\":\"WebPage\",\"@id\":\"https:\\\/\\\/silverfir.ch\\\/index.php\\\/produit\\\/skate-mini-cruiser-dana\\\/\",\"url\":\"https:\\\/\\\/silverfir.ch\\\/index.php\\\/produit\\\/skate-mini-cruiser-dana\\\/\",\"name\":\"Mini cruiser skateboard Dana | swiss handmade | silverfir | skateboards\",\"isPartOf\":{\"@id\":\"https:\\\/\\\/silverfir.ch\\\/#website\"},\"primaryImageOfPage\":{\"@id\":\"https:\\\/\\\/silverfir.ch\\\/index.php\\\/produit\\\/skate-mini-cruiser-dana\\\/#primaryimage\"},\"image\":{\"@id\":\"https:\\\/\\\/silverfir.ch\\\/index.php\\\/produit\\\/skate-mini-cruiser-dana\\\/#primaryimage\"},\"thumbnailUrl\":\"https:\\\/\\\/silverfir.ch\\\/wp-content\\\/uploads\\\/2023\\\/12\\\/skate-dana-dessous.jpg\",\"datePublished\":\"2023-12-11T13:48:01+00:00\",\"dateModified\":\"2024-05-21T15:55:38+00:00\",\"description\":\"Mini Cruiser Silver Fir Skateboards, old school skateboards, fabrication suisse \u00e0 la main, pi\u00e8ce unique, skateboard surf style, homemade in switzerland.\",\"breadcrumb\":{\"@id\":\"https:\\\/\\\/silverfir.ch\\\/index.php\\\/produit\\\/skate-mini-cruiser-dana\\\/#breadcrumb\"},\"inLanguage\":\"fr-FR\",\"potentialAction\":[{\"@type\":\"ReadAction\",\"target\":[\"https:\\\/\\\/silverfir.ch\\\/index.php\\\/produit\\\/skate-mini-cruiser-dana\\\/\"]}]},{\"@type\":\"ImageObject\",\"inLanguage\":\"fr-FR\",\"@id\":\"https:\\\/\\\/silverfir.ch\\\/index.php\\\/produit\\\/skate-mini-cruiser-dana\\\/#primaryimage\",\"url\":\"https:\\\/\\\/silverfir.ch\\\/wp-content\\\/uploads\\\/2023\\\/12\\\/skate-dana-dessous.jpg\",\"contentUrl\":\"https:\\\/\\\/silverfir.ch\\\/wp-content\\\/uploads\\\/2023\\\/12\\\/skate-dana-dessous.jpg\",\"width\":1000,\"height\":1000},{\"@type\":\"BreadcrumbList\",\"@id\":\"https:\\\/\\\/silverfir.ch\\\/index.php\\\/produit\\\/skate-mini-cruiser-dana\\\/#breadcrumb\",\"itemListElement\":[{\"@type\":\"ListItem\",\"position\":1,\"name\":\"Accueil\",\"item\":\"https:\\\/\\\/silverfir.ch\\\/\"},{\"@type\":\"ListItem\",\"position\":2,\"name\":\"Skate Mini Cruiser Dana\"}]},{\"@type\":\"WebSite\",\"@id\":\"https:\\\/\\\/silverfir.ch\\\/#website\",\"url\":\"https:\\\/\\\/silverfir.ch\\\/\",\"name\":\"Silver Fir Skateboards. Tous droits r\u00e9serv\u00e9s.\",\"description\":\"Swiss Homemade Surf Style Cruiser Skateboards\",\"publisher\":{\"@id\":\"https:\\\/\\\/silverfir.ch\\\/#organization\"},\"potentialAction\":[{\"@type\":\"SearchAction\",\"target\":{\"@type\":\"EntryPoint\",\"urlTemplate\":\"https:\\\/\\\/silverfir.ch\\\/?s={search_term_string}\"},\"query-input\":{\"@type\":\"PropertyValueSpecification\",\"valueRequired\":true,\"valueName\":\"search_term_string\"}}],\"inLanguage\":\"fr-FR\"},{\"@type\":\"Organization\",\"@id\":\"https:\\\/\\\/silverfir.ch\\\/#organization\",\"name\":\"Silverfire\",\"url\":\"https:\\\/\\\/silverfir.ch\\\/\",\"logo\":{\"@type\":\"ImageObject\",\"inLanguage\":\"fr-FR\",\"@id\":\"https:\\\/\\\/silverfir.ch\\\/#\\\/schema\\\/logo\\\/image\\\/\",\"url\":\"https:\\\/\\\/silverfir.ch\\\/wp-content\\\/uploads\\\/2016\\\/12\\\/cropped-Logo-silver-fir-520X520.jpg\",\"contentUrl\":\"https:\\\/\\\/silverfir.ch\\\/wp-content\\\/uploads\\\/2016\\\/12\\\/cropped-Logo-silver-fir-520X520.jpg\",\"width\":512,\"height\":512,\"caption\":\"Silverfire\"},\"image\":{\"@id\":\"https:\\\/\\\/silverfir.ch\\\/#\\\/schema\\\/logo\\\/image\\\/\"}}]}<\/script>\n<!-- \/ Yoast SEO plugin. -->","yoast_head_json":{"title":"Mini cruiser skateboard Dana | swiss handmade | silverfir | skateboards","description":"Mini Cruiser Silver Fir Skateboards, old school skateboards, fabrication suisse \u00e0 la main, pi\u00e8ce unique, skateboard surf style, homemade in switzerland.","robots":{"index":"index","follow":"follow","max-snippet":"max-snippet:-1","max-image-preview":"max-image-preview:large","max-video-preview":"max-video-preview:-1"},"canonical":"https:\/\/silverfir.ch\/index.php\/produit\/skate-mini-cruiser-dana\/","og_locale":"fr_FR","og_type":"article","og_title":"Mini cruiser skateboard Dana | swiss handmade | silverfir | skateboards","og_description":"Mini Cruiser Silver Fir Skateboards, old school skateboards, fabrication suisse \u00e0 la main, pi\u00e8ce unique, skateboard surf style, homemade in switzerland.","og_url":"https:\/\/silverfir.ch\/index.php\/produit\/skate-mini-cruiser-dana\/","og_site_name":"Silver Fir Skateboards. Tous droits r\u00e9serv\u00e9s.","article_modified_time":"2024-05-21T15:55:38+00:00","og_image":[{"width":1000,"height":1000,"url":"https:\/\/silverfir.ch\/wp-content\/uploads\/2023\/12\/skate-dana-dessous.jpg","type":"image\/jpeg"}],"twitter_card":"summary_large_image","twitter_misc":{"Dur\u00e9e de lecture estim\u00e9e":"1 minute"},"schema":{"@context":"https:\/\/schema.org","@graph":[{"@type":"WebPage","@id":"https:\/\/silverfir.ch\/index.php\/produit\/skate-mini-cruiser-dana\/","url":"https:\/\/silverfir.ch\/index.php\/produit\/skate-mini-cruiser-dana\/","name":"Mini cruiser skateboard Dana | swiss handmade | silverfir | skateboards","isPartOf":{"@id":"https:\/\/silverfir.ch\/#website"},"primaryImageOfPage":{"@id":"https:\/\/silverfir.ch\/index.php\/produit\/skate-mini-cruiser-dana\/#primaryimage"},"image":{"@id":"https:\/\/silverfir.ch\/index.php\/produit\/skate-mini-cruiser-dana\/#primaryimage"},"thumbnailUrl":"https:\/\/silverfir.ch\/wp-content\/uploads\/2023\/12\/skate-dana-dessous.jpg","datePublished":"2023-12-11T13:48:01+00:00","dateModified":"2024-05-21T15:55:38+00:00","description":"Mini Cruiser Silver Fir Skateboards, old school skateboards, fabrication suisse \u00e0 la main, pi\u00e8ce unique, skateboard surf style, homemade in switzerland.","breadcrumb":{"@id":"https:\/\/silverfir.ch\/index.php\/produit\/skate-mini-cruiser-dana\/#breadcrumb"},"inLanguage":"fr-FR","potentialAction":[{"@type":"ReadAction","target":["https:\/\/silverfir.ch\/index.php\/produit\/skate-mini-cruiser-dana\/"]}]},{"@type":"ImageObject","inLanguage":"fr-FR","@id":"https:\/\/silverfir.ch\/index.php\/produit\/skate-mini-cruiser-dana\/#primaryimage","url":"https:\/\/silverfir.ch\/wp-content\/uploads\/2023\/12\/skate-dana-dessous.jpg","contentUrl":"https:\/\/silverfir.ch\/wp-content\/uploads\/2023\/12\/skate-dana-dessous.jpg","width":1000,"height":1000},{"@type":"BreadcrumbList","@id":"https:\/\/silverfir.ch\/index.php\/produit\/skate-mini-cruiser-dana\/#breadcrumb","itemListElement":[{"@type":"ListItem","position":1,"name":"Accueil","item":"https:\/\/silverfir.ch\/"},{"@type":"ListItem","position":2,"name":"Skate Mini Cruiser Dana"}]},{"@type":"WebSite","@id":"https:\/\/silverfir.ch\/#website","url":"https:\/\/silverfir.ch\/","name":"Silver Fir Skateboards. Tous droits r\u00e9serv\u00e9s.","description":"Swiss Homemade Surf Style Cruiser Skateboards","publisher":{"@id":"https:\/\/silverfir.ch\/#organization"},"potentialAction":[{"@type":"SearchAction","target":{"@type":"EntryPoint","urlTemplate":"https:\/\/silverfir.ch\/?s={search_term_string}"},"query-input":{"@type":"PropertyValueSpecification","valueRequired":true,"valueName":"search_term_string"}}],"inLanguage":"fr-FR"},{"@type":"Organization","@id":"https:\/\/silverfir.ch\/#organization","name":"Silverfire","url":"https:\/\/silverfir.ch\/","logo":{"@type":"ImageObject","inLanguage":"fr-FR","@id":"https:\/\/silverfir.ch\/#\/schema\/logo\/image\/","url":"https:\/\/silverfir.ch\/wp-content\/uploads\/2016\/12\/cropped-Logo-silver-fir-520X520.jpg","contentUrl":"https:\/\/silverfir.ch\/wp-content\/uploads\/2016\/12\/cropped-Logo-silver-fir-520X520.jpg","width":512,"height":512,"caption":"Silverfire"},"image":{"@id":"https:\/\/silverfir.ch\/#\/schema\/logo\/image\/"}}]}},"_links":{"self":[{"href":"https:\/\/silverfir.ch\/index.php\/wp-json\/wp\/v2\/product\/970","targetHints":{"allow":["GET"]}}],"collection":[{"href":"https:\/\/silverfir.ch\/index.php\/wp-json\/wp\/v2\/product"}],"about":[{"href":"https:\/\/silverfir.ch\/index.php\/wp-json\/wp\/v2\/types\/product"}],"wp:featuredmedia":[{"embeddable":true,"href":"https:\/\/silverfir.ch\/index.php\/wp-json\/wp\/v2\/media\/972"}],"wp:attachment":[{"href":"https:\/\/silverfir.ch\/index.php\/wp-json\/wp\/v2\/media?parent=970"}],"wp:term":[{"taxonomy":"product_brand","embeddable":true,"href":"https:\/\/silverfir.ch\/index.php\/wp-json\/wp\/v2\/product_brand?post=970"},{"taxonomy":"product_cat","embeddable":true,"href":"https:\/\/silverfir.ch\/index.php\/wp-json\/wp\/v2\/product_cat?post=970"},{"taxonomy":"product_tag","embeddable":true,"href":"https:\/\/silverfir.ch\/index.php\/wp-json\/wp\/v2\/product_tag?post=970"}],"curies":[{"name":"wp","href":"https:\/\/api.w.org\/{rel}","templated":true}]}}