{"id":1065,"date":"2024-02-10T19:04:14","date_gmt":"2024-02-10T18:04:14","guid":{"rendered":"https:\/\/silverfir.ch\/?page_id=1065"},"modified":"2024-05-21T11:20:44","modified_gmt":"2024-05-21T09:20:44","slug":"conditions-generales","status":"publish","type":"page","link":"https:\/\/silverfir.ch\/index.php\/conditions-generales\/","title":{"rendered":"Conditions G\u00e9n\u00e9rales"},"content":{"rendered":"\n<p class=\"has-text-align-left\">Au moment de la commande, le client reconna\u00eet avoir pris connaissance des conditions g\u00e9n\u00e9rales de vente \u00e9nonc\u00e9es et d\u00e9clare les accepter sans r\u00e9serve. En passant commande, vous certifiez \u00eatre \u00e2g\u00e9 de 18 ans ou plus. En cas d&rsquo;erreur dans le libell\u00e9 des coordonn\u00e9es de livraison du destinataire, Silver Fir Skateboards ne saurait \u00eatre tenu responsable de l&rsquo;impossibilit\u00e9 dans laquelle il pourrait \u00eatre de livrer le produit.<\/p>\n\n\n\n<p class=\"has-text-align-left\">Les photographies illustrant les produits n&rsquo;entrent pas dans le champ contractuel. Si des erreurs s&rsquo;y sont introduites, en aucun cas la responsabilit\u00e9 de Silver Fir Skateboards ne pourra \u00eatre engag\u00e9e. Les informations techniques sont donn\u00e9es \u00e0&nbsp;titre informatif uniquement. Selon les r\u00e9glages, l&rsquo;affichage des couleurs peut diff\u00e9rer d&rsquo;un \u00e9cran \u00e0&nbsp;l&rsquo;autre. Nous ne pouvons garantir que les couleurs des illustrations correspondent exactement \u00e0&nbsp;celles des produits r\u00e9els.<\/p>\n\n\n\n<p class=\"has-text-align-left\">Les prix affich\u00e9s sur le Site sont exprim\u00e9s en francs suisses [CHF], toutes taxes applicables comprises, hors participation aux frais de livraison. Nous nous r\u00e9servons le droit de modifier nos prix \u00e0 tout moment mais nous nous engageons \u00e0 appliquer les tarifs en vigueur qui vous auront \u00e9t\u00e9 indiqu\u00e9s sur le site au moment de votre commande. Les produits demeurent la propri\u00e9t\u00e9 de Silver Fir Skateboards jusqu&rsquo;au paiement complet du prix quelle que soit la date de livraison du produit. L\u2019offre s\u2019\u00e9tend \u00e0 toute la Suisse.<\/p>\n\n\n\n<p class=\"has-text-align-left\">Toute commande valid\u00e9e par un client implique l\u2019accord de ce client \u00e0 l\u2019ensemble des conditions g\u00e9n\u00e9rales de vente affich\u00e9es sur le site. Vous pouvez commander par Internet sur <a href=\"http:\/\/www.silverfir.ch\">www.silverfir.ch<\/a><\/p>\n\n\n\n<p><strong>Mail : <a href=\"mailto:contact@silverfir.ch\">contact@silverfir.ch<\/a><\/strong><\/p>\n\n\n\n<p>Le prix indiqu\u00e9 sur la fiche produit au moment de la commande correspond au prix de facturation TTC pour les commandes en Suisse + frais de livraison. Le prix est payable comptant, en totalit\u00e9 au jour de la passation de la commande par l\u2019acheteur, par voie de paiement s\u00e9curis\u00e9 par carte bancaire, virement bancaire. Silver Fir Skateboards ne sera pas tenu de proc\u00e9der \u00e0 la d\u00e9livrance des produits command\u00e9s par l\u2019Acheteur si celui-ci ne lui en paye pas le prix en totalit\u00e9. Les paiements par carte bancaire sont d\u00e9bit\u00e9s \u00e0 la commande. Les paiements effectu\u00e9s par l\u2019Acheteur ne seront consid\u00e9r\u00e9s comme d\u00e9finitifs qu\u2019apr\u00e8s encaissement effectif des sommes dues par Silver Fir Skateboards.<\/p>\n\n\n\n<p>Silver Fir Skateboards se r\u00e9serve le droit, en cas de non-respect des conditions de paiement figurant ci-dessus de suspendre ou d\u2019annuler la livraison des commandes en cours effectu\u00e9es par l\u2019acheteur.<\/p>\n\n\n\n<p><strong>PAIEMENT SECURISE<\/strong><\/p>\n\n\n\n<p>Paiement s\u00e9curis\u00e9, ssl, visa, mastercard, paypal.<\/p>\n\n\n\n<p>Chers clients, concernant le nom du compte Paypal au moment de votre paiement par carte bancaire ou compte paypal:<\/p>\n\n\n\n<p>Le nom du compte Paypal lors de votre paiement est au nom de Claire Berney manager et cr\u00e9atrice de Silver Fir Skateboards, donc pas d&rsquo;inqui\u00e9tude \u00e0 vous faire.<\/p>\n\n\n\n<p><strong>PAIEMENT VIA PAYPAL PAR COMPTE OU CARTE BANCAIRE<\/strong><\/p>\n\n\n\n<figure class=\"wp-block-image size-full is-resized\"><img loading=\"lazy\" decoding=\"async\" width=\"225\" height=\"225\" src=\"https:\/\/silverfir.ch\/wp-content\/uploads\/2023\/12\/Paypal-2.jpg\" alt=\"\" class=\"wp-image-1072\" style=\"aspect-ratio:1;width:46px;height:auto\" srcset=\"https:\/\/silverfir.ch\/wp-content\/uploads\/2023\/12\/Paypal-2.jpg 225w, https:\/\/silverfir.ch\/wp-content\/uploads\/2023\/12\/Paypal-2-150x150.jpg 150w, https:\/\/silverfir.ch\/wp-content\/uploads\/2023\/12\/Paypal-2-100x100.jpg 100w\" sizes=\"auto, (max-width: 225px) 100vw, 225px\" \/><\/figure>\n\n\n\n<figure class=\"wp-block-image size-full is-resized\"><img loading=\"lazy\" decoding=\"async\" width=\"348\" height=\"145\" src=\"https:\/\/silverfir.ch\/wp-content\/uploads\/2023\/12\/Visa.png\" alt=\"\" class=\"wp-image-1078\" style=\"aspect-ratio:2.4;width:98px;height:auto\" srcset=\"https:\/\/silverfir.ch\/wp-content\/uploads\/2023\/12\/Visa.png 348w, https:\/\/silverfir.ch\/wp-content\/uploads\/2023\/12\/Visa-300x125.png 300w\" sizes=\"auto, (max-width: 348px) 100vw, 348px\" \/><\/figure>\n\n\n\n<p>Vous devez tout d&rsquo;abord vous connectez si vous poss\u00e9dez d\u00e9j\u00e0 un compte Paypal ou alors en cr\u00e9er un, puis vous pouvez alors payer par carte bancaire ou par compte Paypal. Le paiement par le syst\u00e8me Paypal vous permet de ne plus communiquer vos coordonn\u00e9es bancaires pour chaque achat en ligne que vous r\u00e9alisez. Pour cela il vous faut cr\u00e9er un compte Paypal et lier votre num\u00e9ro de carte ou num\u00e9ro de compte bancaire. Lors de la confirmation de paiement sur Silver Fir Skateboards, vous serez redirigez vers une page Paypal s\u00e9curis\u00e9e, et vous devrez indiquer votre email et votre mot de passe. Le montant sera automatiquement d\u00e9bit\u00e9 de votre compte Paypal.<\/p>\n\n\n\n<p>Aucune donn\u00e9e bancaire n\u2019est lue ni conserv\u00e9e par Silver Fir Skateboards. Les informations transitent directement vers nos partenaires bancaires qui garantissent la validit\u00e9 de la carte et ont autorit\u00e9 pour refuser la transaction en cas de probl\u00e8mes (carte bloqu\u00e9e, carte expir\u00e9e.)<\/p>\n\n\n\n<p><strong>LIVRAISON<\/strong><\/p>\n\n\n\n<p><strong>Exp\u00e9dition de votre colis<\/strong><\/p>\n\n\n\n<p>Les colis sont g\u00e9n\u00e9ralement exp\u00e9di\u00e9s dans un d\u00e9lai de 5 \u00e0 10 jours apr\u00e8s r\u00e9ception du paiement. Ils sont exp\u00e9di\u00e9s via la poste suisse et remis sans signature.<\/p>\n\n\n\n<p>Si vous souhaitez une remise avec signature, un co\u00fbt suppl\u00e9mentaire s\u2019applique, merci de nous contacter. Les frais de transport varient selon le poids total du colis. Nous vous recommandons de regrouper tous vos articles dans une seule commande. Nous ne pouvons regrouper deux commandes plac\u00e9es s\u00e9par\u00e9ment et des frais d&rsquo;exp\u00e9dition s&rsquo;appliquent \u00e0 chacune d&rsquo;entre elles. Votre colis est exp\u00e9di\u00e9 \u00e0 vos propres risques, mais une attention particuli\u00e8re est port\u00e9e aux objets fragiles. Les dimensions des bo\u00eetes sont appropri\u00e9es et vos articles sont correctement prot\u00e9g\u00e9s.<\/p>\n\n\n\n<p>Le d\u00e9lai de livraison annonc\u00e9 est bas\u00e9 sur la date d\u2019exp\u00e9dition des marchandises. Les samedi, dimanche et jours f\u00e9ri\u00e9s sont \u00e0 ajouter au d\u00e9lai de livraison initial. La zone d&rsquo;exp\u00e9dition de la totalit\u00e9 de nos produits se limite pour le moment \u00e0 la Suisse.<\/p>\n\n\n\n<p>Un \u00e9ventuel d\u00e9g\u00e2t de transport doit s&rsquo;annoncer imm\u00e9diatement aupr\u00e8s du transporteur. La marchandise livr\u00e9e par erreur ou en trop doit \u00eatre retourn\u00e9e imm\u00e9diatement, ou au plus tard dans les 7 jours. En cas de non-retour, la marchandise sera factur\u00e9e. Votre facture vous sera envoy\u00e9e par e-mail ou sur demande de votre part par courrier. La date de validation de la commande correspond \u00e0 : La date de la commande en cas de paiement par carte de cr\u00e9dit en ligne. La date de la r\u00e9ception du virement en cas de paiement par virement bancaire.<\/p>\n\n\n\n<p><strong>Gratuit : <\/strong>si vous pouvez venir chercher votre colis directement \u00e0 notre shop contactez-nous \u00e0 :<\/p>\n\n\n\n<p><a href=\"mailto:contact@silverfir.ch\">contact@silverfir.ch<\/a><\/p>\n\n\n\n<p>Vous devez nous laisser vos coordonn\u00e9es t\u00e9l\u00e9phoniques et nous vous contacterons pour fixer un rendez-vous. Vos avantages sont :<\/p>\n\n\n\n<p>Pas de frais de port qui peuvent \u00eatre assez important suivant la nature de votre commande. Possibilit\u00e9 d&rsquo;explications de votre mat\u00e9riel. Plaisir de se rencontrer.<\/p>\n\n\n\n<p><strong>RETOUR<\/strong><\/p>\n\n\n\n<p>En cas d&rsquo;erreur, de d\u00e9fectuosit\u00e9 ou de non-conformit\u00e9 des produits, l&rsquo;acheteur dispose de 7 jours apr\u00e8s r\u00e9ception de la marchandise pour retourner les produits command\u00e9s \u00e0 Silver Fir Skateboards pour \u00e9change ou remboursement sans p\u00e9nalit\u00e9. Dans ce d\u00e9lai, le produit peut vous \u00eatre rembours\u00e9 ou \u00e9chang\u00e9. Les produits doivent \u00eatre retourn\u00e9s en parfait \u00e9tat, non utilis\u00e9s, dans leur emballage d\u2019origine et accompagn\u00e9s du formulaire de retour produit.<\/p>\n\n\n\n<p>Les frais de retour sont \u00e0&nbsp;la charge de l&rsquo;acheteur. Les demandes de retours doivent \u00eatre effectu\u00e9s par email \u00e0 <a href=\"mailto:contact@silverfir.ch\">contact@silverfir.ch<\/a>, votre num\u00e9ro de retour vous sera communiqu\u00e9 par e-mail dans les 48 heures maximum. Les colis retourn\u00e9s sans num\u00e9ro de retour valable seront refus\u00e9s. Les produits retourn\u00e9s doivent \u00eatre complets, dans leur \u00e9tat d&rsquo;origine, accompagn\u00e9s de leurs accessoires ainsi que d&rsquo;une copie de la facture \u00e0&nbsp;laquelle sera joint le num\u00e9ro de retournement.<\/p>\n\n\n\n<p>Dans le cadre d\u2019une demande de remboursement celui-ci sera effectu\u00e9e dans un d\u00e9lai de 30 jours \u00e0 compter de la r\u00e9ception par la soci\u00e9t\u00e9 des articles retourn\u00e9s par l&rsquo;acheteur. Contactez-nous pour obtenir un n\u00b0 de retour mais <strong>attention les frais de port sont \u00e0 la charge exclusive de l&rsquo;acheteur.<\/strong><\/p>\n\n\n\n<p>En cas de litige, l&rsquo;acheteur s&rsquo;adressera en priorit\u00e9 \u00e0 Silver Fir Skate qui s&rsquo;efforcera de trouver avec lui une solution acceptable pour toutes les parties. Le pr\u00e9sent contrat est soumis au droit suisse. Silver Fir Skateboards ne peut \u00eatre tenu pour responsable des dommages de toute nature, tant mat\u00e9riels qu&rsquo;immat\u00e9riels ou corporels, qui pourraient r\u00e9sulter d&rsquo;un mauvais fonctionnement ou de la mauvaise utilisation des produits commercialis\u00e9s. Tous les litiges auxquels le pr\u00e9sent contrat pourrait donner lieu concernant tant sa validit\u00e9, son interpr\u00e9tation, son ex\u00e9cution, sa r\u00e9siliation, leurs cons\u00e9quences et leurs suites seront soumis aux tribunaux comp\u00e9tents.<\/p>\n\n\n\n<h2 class=\"wp-block-heading\"><strong>Mentions l\u00e9gales<\/strong><\/h2>\n\n\n\n<p>Tous les \u00e9l\u00e9ments du site www.silverfir.ch tels que la forme, la mise en page, le graphisme, les photos sont la propri\u00e9t\u00e9 exclusive de Silver Fir Skateboards<\/p>\n\n\n\n<p>R\u00e9alisation : Le site a \u00e9t\u00e9 con\u00e7u par Claire Berney sur WordPress.<\/p>\n\n\n\n<p><\/p>\n","protected":false},"excerpt":{"rendered":"<p>Au moment de la commande, le client reconna\u00eet avoir pris connaissance des conditions g\u00e9n\u00e9rales de vente \u00e9nonc\u00e9es et d\u00e9clare les accepter sans r\u00e9serve. En passant commande, vous certifiez \u00eatre \u00e2g\u00e9 de 18 ans ou plus. En cas d&rsquo;erreur dans le libell\u00e9 des coordonn\u00e9es de livraison du destinataire, Silver Fir Skateboards ne saurait \u00eatre tenu responsable&#8230;<\/p>\n","protected":false},"author":1,"featured_media":0,"parent":0,"menu_order":0,"comment_status":"closed","ping_status":"closed","template":"","meta":{"footnotes":""},"class_list":["post-1065","page","type-page","status-publish","hentry"],"yoast_head":"<!-- This site is optimized with the Yoast SEO plugin v27.5 - https:\/\/yoast.com\/product\/yoast-seo-wordpress\/ -->\n<title>Conditions G\u00e9n\u00e9rales | Silver Fir Skateboards. Tous droits r\u00e9serv\u00e9s.<\/title>\n<meta name=\"robots\" content=\"index, follow, max-snippet:-1, max-image-preview:large, max-video-preview:-1\" \/>\n<link rel=\"canonical\" href=\"https:\/\/silverfir.ch\/index.php\/conditions-generales\/\" \/>\n<meta property=\"og:locale\" content=\"fr_FR\" \/>\n<meta property=\"og:type\" content=\"article\" \/>\n<meta property=\"og:title\" content=\"Conditions G\u00e9n\u00e9rales | Silver Fir Skateboards. Tous droits r\u00e9serv\u00e9s.\" \/>\n<meta property=\"og:description\" content=\"Au moment de la commande, le client reconna\u00eet avoir pris connaissance des conditions g\u00e9n\u00e9rales de vente \u00e9nonc\u00e9es et d\u00e9clare les accepter sans r\u00e9serve. En passant commande, vous certifiez \u00eatre \u00e2g\u00e9 de 18 ans ou plus. En cas d&rsquo;erreur dans le libell\u00e9 des coordonn\u00e9es de livraison du destinataire, Silver Fir Skateboards ne saurait \u00eatre tenu responsable...\" \/>\n<meta property=\"og:url\" content=\"https:\/\/silverfir.ch\/index.php\/conditions-generales\/\" \/>\n<meta property=\"og:site_name\" content=\"Silver Fir Skateboards. Tous droits r\u00e9serv\u00e9s.\" \/>\n<meta property=\"article:modified_time\" content=\"2024-05-21T09:20:44+00:00\" \/>\n<meta property=\"og:image\" content=\"https:\/\/silverfir.ch\/wp-content\/uploads\/2023\/12\/Paypal-2.jpg\" \/>\n<meta name=\"twitter:card\" content=\"summary_large_image\" \/>\n<meta name=\"twitter:label1\" content=\"Dur\u00e9e de lecture estim\u00e9e\" \/>\n\t<meta name=\"twitter:data1\" content=\"7 minutes\" \/>\n<script type=\"application\/ld+json\" class=\"yoast-schema-graph\">{\"@context\":\"https:\\\/\\\/schema.org\",\"@graph\":[{\"@type\":\"WebPage\",\"@id\":\"https:\\\/\\\/silverfir.ch\\\/index.php\\\/conditions-generales\\\/\",\"url\":\"https:\\\/\\\/silverfir.ch\\\/index.php\\\/conditions-generales\\\/\",\"name\":\"Conditions G\u00e9n\u00e9rales | Silver Fir Skateboards. Tous droits r\u00e9serv\u00e9s.\",\"isPartOf\":{\"@id\":\"https:\\\/\\\/silverfir.ch\\\/#website\"},\"primaryImageOfPage\":{\"@id\":\"https:\\\/\\\/silverfir.ch\\\/index.php\\\/conditions-generales\\\/#primaryimage\"},\"image\":{\"@id\":\"https:\\\/\\\/silverfir.ch\\\/index.php\\\/conditions-generales\\\/#primaryimage\"},\"thumbnailUrl\":\"https:\\\/\\\/silverfir.ch\\\/wp-content\\\/uploads\\\/2023\\\/12\\\/Paypal-2.jpg\",\"datePublished\":\"2024-02-10T18:04:14+00:00\",\"dateModified\":\"2024-05-21T09:20:44+00:00\",\"breadcrumb\":{\"@id\":\"https:\\\/\\\/silverfir.ch\\\/index.php\\\/conditions-generales\\\/#breadcrumb\"},\"inLanguage\":\"fr-FR\",\"potentialAction\":[{\"@type\":\"ReadAction\",\"target\":[\"https:\\\/\\\/silverfir.ch\\\/index.php\\\/conditions-generales\\\/\"]}]},{\"@type\":\"ImageObject\",\"inLanguage\":\"fr-FR\",\"@id\":\"https:\\\/\\\/silverfir.ch\\\/index.php\\\/conditions-generales\\\/#primaryimage\",\"url\":\"https:\\\/\\\/silverfir.ch\\\/wp-content\\\/uploads\\\/2023\\\/12\\\/Paypal-2.jpg\",\"contentUrl\":\"https:\\\/\\\/silverfir.ch\\\/wp-content\\\/uploads\\\/2023\\\/12\\\/Paypal-2.jpg\",\"width\":225,\"height\":225},{\"@type\":\"BreadcrumbList\",\"@id\":\"https:\\\/\\\/silverfir.ch\\\/index.php\\\/conditions-generales\\\/#breadcrumb\",\"itemListElement\":[{\"@type\":\"ListItem\",\"position\":1,\"name\":\"Accueil\",\"item\":\"https:\\\/\\\/silverfir.ch\\\/\"},{\"@type\":\"ListItem\",\"position\":2,\"name\":\"Conditions G\u00e9n\u00e9rales\"}]},{\"@type\":\"WebSite\",\"@id\":\"https:\\\/\\\/silverfir.ch\\\/#website\",\"url\":\"https:\\\/\\\/silverfir.ch\\\/\",\"name\":\"Silver Fir Skateboards. Tous droits r\u00e9serv\u00e9s.\",\"description\":\"Swiss Homemade Surf Style Cruiser Skateboards\",\"publisher\":{\"@id\":\"https:\\\/\\\/silverfir.ch\\\/#organization\"},\"potentialAction\":[{\"@type\":\"SearchAction\",\"target\":{\"@type\":\"EntryPoint\",\"urlTemplate\":\"https:\\\/\\\/silverfir.ch\\\/?s={search_term_string}\"},\"query-input\":{\"@type\":\"PropertyValueSpecification\",\"valueRequired\":true,\"valueName\":\"search_term_string\"}}],\"inLanguage\":\"fr-FR\"},{\"@type\":\"Organization\",\"@id\":\"https:\\\/\\\/silverfir.ch\\\/#organization\",\"name\":\"Silverfire\",\"url\":\"https:\\\/\\\/silverfir.ch\\\/\",\"logo\":{\"@type\":\"ImageObject\",\"inLanguage\":\"fr-FR\",\"@id\":\"https:\\\/\\\/silverfir.ch\\\/#\\\/schema\\\/logo\\\/image\\\/\",\"url\":\"https:\\\/\\\/silverfir.ch\\\/wp-content\\\/uploads\\\/2016\\\/12\\\/cropped-Logo-silver-fir-520X520.jpg\",\"contentUrl\":\"https:\\\/\\\/silverfir.ch\\\/wp-content\\\/uploads\\\/2016\\\/12\\\/cropped-Logo-silver-fir-520X520.jpg\",\"width\":512,\"height\":512,\"caption\":\"Silverfire\"},\"image\":{\"@id\":\"https:\\\/\\\/silverfir.ch\\\/#\\\/schema\\\/logo\\\/image\\\/\"}}]}<\/script>\n<!-- \/ Yoast SEO plugin. -->","yoast_head_json":{"title":"Conditions G\u00e9n\u00e9rales | Silver Fir Skateboards. Tous droits r\u00e9serv\u00e9s.","robots":{"index":"index","follow":"follow","max-snippet":"max-snippet:-1","max-image-preview":"max-image-preview:large","max-video-preview":"max-video-preview:-1"},"canonical":"https:\/\/silverfir.ch\/index.php\/conditions-generales\/","og_locale":"fr_FR","og_type":"article","og_title":"Conditions G\u00e9n\u00e9rales | Silver Fir Skateboards. Tous droits r\u00e9serv\u00e9s.","og_description":"Au moment de la commande, le client reconna\u00eet avoir pris connaissance des conditions g\u00e9n\u00e9rales de vente \u00e9nonc\u00e9es et d\u00e9clare les accepter sans r\u00e9serve. En passant commande, vous certifiez \u00eatre \u00e2g\u00e9 de 18 ans ou plus. En cas d&rsquo;erreur dans le libell\u00e9 des coordonn\u00e9es de livraison du destinataire, Silver Fir Skateboards ne saurait \u00eatre tenu responsable...","og_url":"https:\/\/silverfir.ch\/index.php\/conditions-generales\/","og_site_name":"Silver Fir Skateboards. Tous droits r\u00e9serv\u00e9s.","article_modified_time":"2024-05-21T09:20:44+00:00","og_image":[{"url":"https:\/\/silverfir.ch\/wp-content\/uploads\/2023\/12\/Paypal-2.jpg","type":"","width":"","height":""}],"twitter_card":"summary_large_image","twitter_misc":{"Dur\u00e9e de lecture estim\u00e9e":"7 minutes"},"schema":{"@context":"https:\/\/schema.org","@graph":[{"@type":"WebPage","@id":"https:\/\/silverfir.ch\/index.php\/conditions-generales\/","url":"https:\/\/silverfir.ch\/index.php\/conditions-generales\/","name":"Conditions G\u00e9n\u00e9rales | Silver Fir Skateboards. Tous droits r\u00e9serv\u00e9s.","isPartOf":{"@id":"https:\/\/silverfir.ch\/#website"},"primaryImageOfPage":{"@id":"https:\/\/silverfir.ch\/index.php\/conditions-generales\/#primaryimage"},"image":{"@id":"https:\/\/silverfir.ch\/index.php\/conditions-generales\/#primaryimage"},"thumbnailUrl":"https:\/\/silverfir.ch\/wp-content\/uploads\/2023\/12\/Paypal-2.jpg","datePublished":"2024-02-10T18:04:14+00:00","dateModified":"2024-05-21T09:20:44+00:00","breadcrumb":{"@id":"https:\/\/silverfir.ch\/index.php\/conditions-generales\/#breadcrumb"},"inLanguage":"fr-FR","potentialAction":[{"@type":"ReadAction","target":["https:\/\/silverfir.ch\/index.php\/conditions-generales\/"]}]},{"@type":"ImageObject","inLanguage":"fr-FR","@id":"https:\/\/silverfir.ch\/index.php\/conditions-generales\/#primaryimage","url":"https:\/\/silverfir.ch\/wp-content\/uploads\/2023\/12\/Paypal-2.jpg","contentUrl":"https:\/\/silverfir.ch\/wp-content\/uploads\/2023\/12\/Paypal-2.jpg","width":225,"height":225},{"@type":"BreadcrumbList","@id":"https:\/\/silverfir.ch\/index.php\/conditions-generales\/#breadcrumb","itemListElement":[{"@type":"ListItem","position":1,"name":"Accueil","item":"https:\/\/silverfir.ch\/"},{"@type":"ListItem","position":2,"name":"Conditions G\u00e9n\u00e9rales"}]},{"@type":"WebSite","@id":"https:\/\/silverfir.ch\/#website","url":"https:\/\/silverfir.ch\/","name":"Silver Fir Skateboards. Tous droits r\u00e9serv\u00e9s.","description":"Swiss Homemade Surf Style Cruiser Skateboards","publisher":{"@id":"https:\/\/silverfir.ch\/#organization"},"potentialAction":[{"@type":"SearchAction","target":{"@type":"EntryPoint","urlTemplate":"https:\/\/silverfir.ch\/?s={search_term_string}"},"query-input":{"@type":"PropertyValueSpecification","valueRequired":true,"valueName":"search_term_string"}}],"inLanguage":"fr-FR"},{"@type":"Organization","@id":"https:\/\/silverfir.ch\/#organization","name":"Silverfire","url":"https:\/\/silverfir.ch\/","logo":{"@type":"ImageObject","inLanguage":"fr-FR","@id":"https:\/\/silverfir.ch\/#\/schema\/logo\/image\/","url":"https:\/\/silverfir.ch\/wp-content\/uploads\/2016\/12\/cropped-Logo-silver-fir-520X520.jpg","contentUrl":"https:\/\/silverfir.ch\/wp-content\/uploads\/2016\/12\/cropped-Logo-silver-fir-520X520.jpg","width":512,"height":512,"caption":"Silverfire"},"image":{"@id":"https:\/\/silverfir.ch\/#\/schema\/logo\/image\/"}}]}},"_links":{"self":[{"href":"https:\/\/silverfir.ch\/index.php\/wp-json\/wp\/v2\/pages\/1065","targetHints":{"allow":["GET"]}}],"collection":[{"href":"https:\/\/silverfir.ch\/index.php\/wp-json\/wp\/v2\/pages"}],"about":[{"href":"https:\/\/silverfir.ch\/index.php\/wp-json\/wp\/v2\/types\/page"}],"author":[{"embeddable":true,"href":"https:\/\/silverfir.ch\/index.php\/wp-json\/wp\/v2\/users\/1"}],"replies":[{"embeddable":true,"href":"https:\/\/silverfir.ch\/index.php\/wp-json\/wp\/v2\/comments?post=1065"}],"version-history":[{"count":10,"href":"https:\/\/silverfir.ch\/index.php\/wp-json\/wp\/v2\/pages\/1065\/revisions"}],"predecessor-version":[{"id":1191,"href":"https:\/\/silverfir.ch\/index.php\/wp-json\/wp\/v2\/pages\/1065\/revisions\/1191"}],"wp:attachment":[{"href":"https:\/\/silverfir.ch\/index.php\/wp-json\/wp\/v2\/media?parent=1065"}],"curies":[{"name":"wp","href":"https:\/\/api.w.org\/{rel}","templated":true}]}}